- 9 = 2*m, 2*m = 6. List the prime factors of 20 - ((t - 2) + 0).
2, 11
Let o = 10 + -6. Suppose 3*y + 2 = -5*w, 2*y + 2*y + 5*w - o = 0. Let r(f) = f - 3. List the prime factors of r(y).
3
List the prime factors of (-9)/(-12)*-12*(-2 - 3).
3, 5
Suppose a + 3*a - 4 = 0. Let f = 14 + -4. Suppose 0 = -d + f + a. List the prime factors of d.
11
Suppose -3*i + 1 + 5 = 0. Suppose -i*m + 19 + 1 = 0. Let l = m + 0. What are the prime factors of l?
2, 5
Let w be -2 - ((-4 - -3) + -22). Let v = 2 + w. What are the prime factors of v?
23
What are the prime factors of ((-8)/14)/(((-24)/(-546))/(-2))?
2, 13
Let v(h) = -10 - 2*h + 3*h + 4. Let g be v(6). Suppose g = -5*c - 4*w + 45, -2*w = c - 1 - 2. What are the prime factors of c?
13
Let a be (-25)/(-1) - (7 - 4). Let v = a + -13. What are the prime factors of v?
3
Suppose -2*d - 2*z + 28 = 0, -z - z + 8 = 0. What are the prime factors of d?
2, 5
List the prime factors of (135/20)/(2/8).
3
List the prime factors of ((-2)/2)/((-3)/123).
41
Let a = 2 + 1. Let l = 15 - a. List the prime factors of l.
2, 3
Let i(c) = -6*c + 130. List the prime factors of i(0).
2, 5, 13
Let b(a) = -a**3 - 5*a**2 - 2*a - 7. Let f be b(-5). Suppose 5*y = 5, -y - f = 4*n - 0. What are the prime factors of n*(-3)/1 - -12?
3, 5
Suppose 2*d - 8 - 2 = 0. Let c(m) = d - m + 5 + 2. List the prime factors of c(6).
2, 3
Let r(n) = -n**2 - 20*n + 13. What are the prime factors of r(-17)?
2
Suppose -3*c = 3 + 6. Let t = c + 18. What are the prime factors of t?
3, 5
Let s(f) = -f**3 + 8*f**2 + 10*f - 4. Let w = 18 - 39. Let c = 30 + w. List the prime factors of s(c).
5
Suppose -435 = -5*q + 6*n - n, 3*q = -3*n + 261. List the prime factors of q.
3, 29
Let k(x) = x**3 + 16*x**2 - 2*x + 14. What are the prime factors of k(-16)?
2, 23
Suppose 35*b = 31*b + 400. What are the prime factors of b?
2, 5
Let l(m) = m**2 - 3*m + 2. Let t be l(3). List the prime factors of (t/(-8))/(1/(-20)).
5
Suppose -q - 2 = -0*q, 3*q - 45 = -3*o. What are the prime factors of o?
17
Suppose -2*d - 4*m = -32, 3*d + 0*d + 3*m - 63 = 0. Suppose 10 = 3*i - d. List the prime factors of i.
2, 3
Let f = 15 - 6. Let a = f + 19. List the prime factors of a.
2, 7
Let y(m) = 27*m - 50. List the prime factors of y(18).
2, 109
Suppose -5*f + 14 - 4 = 0. What are the prime factors of f?
2
Let v(g) be the third derivative of g**7/5040 + g**6/120 - g**5/20 + 2*g**2. Let o(q) be the third derivative of v(q). List the prime factors of o(10).
2
Suppose -4*g + 8*g - 240 = 0. What are the prime factors of g?
2, 3, 5
Let q = 8 - -138. Suppose 5*u - 99 = q. List the prime factors of u.
7
Suppose 0 = 4*q + 11 + 1. Suppose 4*w + 2*c - 24 = 0, -5*c = -13 + 3. Let h = w + q. List the prime factors of h.
2
Let b = -11 - -10. What are the prime factors of b + 0 + 2 - -24?
5
Let o(p) = -3*p - 1. What are the prime factors of o(-5)?
2, 7
Let q = -6 - -8. Suppose 3*b + 5*y = q*y + 15, 2*b + 5*y = 10. What are the prime factors of b?
5
Suppose -4*z + 1612 = 5*i - 3*i, -3*z = 2*i - 1210. List the prime factors of z.
2, 3, 67
Suppose 0 = -4*n - 5*u - 2, 2*n - u + 6 = 6*n. Suppose -2*c + n*o - 4*o = 8, 3*c - 3*o = 0. What are the prime factors of (c/(-4))/((-2)/(-24))?
2, 3
Suppose -3*i + 5*g = -30, i = -g - 4*g - 10. Suppose -i*c = -4*j - 82, -71 = -4*c + 4*j + j. List the prime factors of c.
2, 7
Let f(x) be the third derivative of x**5/60 - x**4/6 - 2*x**3/3 - 33*x**2. Let w be (8/10)/(2/15). List the prime factors of f(w).
2
Suppose -4*v = f - 5*v - 2, -2*v = -f - 2. Let a(o) = 0*o**2 + o**2 - 4*o + 0 - 5. List the prime factors of a(f).
7
Suppose 2*a = -v + 34, -v + 245 = 4*v - 5*a. Let i = -16 + v. List the prime factors of i.
2, 7
Let r(h) = h. Let g(w) = w**3 + 4*w**2 + 6*w - 2. Let y(t) = -g(t) + 4*r(t). List the prime factors of y(-4).
2, 5
Suppose -b = 2 - 4. Let x = 2 - b. Suppose -8*r + 10*r - 24 = x. List the prime factors of r.
2, 3
Let x = 409 + -290. List the prime factors of x.
7, 17
What are the prime factors of ((-6)/3 + 13)*1?
11
Suppose -17 = n + 4*t, 3*t + 0*t + 11 = n. Let l = 7 - n. What are the prime factors of l?
2
Suppose 2*r = 3*m + 4*r - 64, -5*m + 132 = -3*r. Let o be ((-16)/m)/((-2)/12). Let v(g) = -g**3 + 3*g**2 + 5*g + 1. List the prime factors of v(o).
5
Let l = 175 + -124. List the prime factors of l.
3, 17
Let r(u) = 11*u + 3. List the prime factors of r(11).
2, 31
Suppose 3*v = -3*k - 39, 4*v = 2*v + 3*k - 31. Let s = v - -39. List the prime factors of s.
5
Let j = -186 - -263. Let s be -5*((-26)/5)/1. Suppose -s = 3*v - j. What are the prime factors of v?
17
Suppose s + 3*d = 66, -4*s + 187 = -2*s - 5*d. Suppose 2*j - s = -j. What are the prime factors of j?
3
Let v(j) = -j**3 + 6*j**2 + 6*j + 13. What are the prime factors of v(7)?
2, 3
Suppose 48 + 1014 = 9*r. List the prime factors of r.
2, 59
Suppose -4*k = 3*q - 23, 2*q - 11 = 2*k - q. Suppose 0 = -g + 5*c + 29, -5*c + 97 = k*g + 24. List the prime factors of g.
2, 17
What are the prime factors of 624/(-40)*(0 - 10) + 0?
2, 3, 13
Suppose s + 110 = -4*s. Suppose -4*n - m = 1 + 5, -m = 2*n + 4. What are the prime factors of n/((-1)/s*-2)?
11
Suppose 3*i = 12 + 12. Suppose o + 0*o = i. List the prime factors of o.
2
Let l = 296 + -119. List the prime factors of l.
3, 59
What are the prime factors of 21/24*4*12?
2, 3, 7
Suppose -3*k = -7*k + 32. Let t = 11 - k. Suppose 0 = q + t*q - 28. What are the prime factors of q?
7
What are the prime factors of -3 + 94 - (-8 + 12)?
3, 29
Suppose 0 + 4 = b. Suppose 52 = b*d - 36. Let l = d + -11. List the prime factors of l.
11
Suppose -3*s + j = 22, 42 = -5*s - j + 4*j. Let k be ((-8)/6 - 0)*s. What are the prime factors of (-158)/(-18) + k/36?
3
Let t be (-19)/(-4) - (-6)/(-8). Suppose -k + t = -1. What are the prime factors of k?
5
Let w(i) = -i. Let v be w(-4). Suppose -4*z = -2*z + 5*f - 48, 5*z = -v*f + 86. List the prime factors of z.
2, 7
Let k(u) = -4*u - 1. Let v be k(-2). Let t = v + -2. What are the prime factors of t?
5
Suppose 5*n + 22 = 72. Let b be ((-6)/(-5))/(12/40). Suppose -4*k + 4*q + b = 0, -2*k - n = -7*k + 4*q. List the prime factors of k.
2, 3
Suppose d + c - 45 = 0, 4*c + 122 + 76 = 5*d. What are the prime factors of d?
2, 3, 7
Suppose -3*l = 4*m + 16, -3*l - l = -4*m - 16. Suppose -3*w + u + 8 + 0 = l, -5*w - u = -24. What are the prime factors of w?
2
List the prime factors of 3 + (3 - (-57)/3).
5
Suppose -8*t = -3*t + 70. Let j = t - -31. What are the prime factors of j?
17
What are the prime factors of 0 + ((-7998)/(-24) - (-4)/(-16))?
3, 37
Suppose -2*j - 5 = -21. Suppose j + 4 = 3*l. List the prime factors of l.
2
Let c = -6 + 15. Let h = -69 + 69. Let k = c - h. What are the prime factors of k?
3
Let v(j) be the second derivative of -j**5/20 + 2*j**4/3 + j**3/3 + 4*j. List the prime factors of v(8).
2
Let h = 50 - 24. List the prime factors of h.
2, 13
Let y = -99 - -501. What are the prime factors of y?
2, 3, 67
Let n(l) = l**2 - 8*l + 7. Let t be n(7). Suppose -2*k = 0, t = -2*v - k - 4. List the prime factors of (1*-1)/(v/16).
2
Suppose x - 108 = -2*x. What are the prime factors of x?
2, 3
Suppose 4*x + 28 = -4. Let r = x + 19. What are the prime factors of r?
11
Suppose 0 = 5*d - 0*x + x - 407, 0 = -d - x + 79. What are the prime factors of d?
2, 41
Let m(a) = a**2 + 5*a - 6. Let q be m(-5). Let h be 14/q + (-2)/(-6). List the prime factors of 2/h*(-12)/4.
3
Suppose 0*d = -3*d. Suppose -1 = -c - 8. List the prime factors of 2 - (d + 0) - c.
3
What are the prime factors of 10/85 - (-6728)/34?
2, 3, 11
Suppose c + 3*c - 3*v = -6, -3*v + 6 = -c. Suppose 5*a + 11 = 6*a - 5*h, a + 4*h - 38 = c. What are the prime factors of a?
2, 13
Let y be 1*(2 + -1 + 10). Let u = y + -1. List the prime factors of u.
2, 5
Suppose 0 = 4*j - 365 + 133. What are the prime factors of j?
2, 29
Suppose -x + 0*x - 12 = 0. Let d be 3/((x/82)/(-2)). Let t = -29 + d. What are the prime factors of t?
2, 3
Suppose 3*c - 50 = 49. List the prime factors of c.
3, 11
Suppose -s + 2*l - 5*l - 11 = 0, -3*s = 4*l + 43. Let u = s + 28. List the prime factors of u.
11
Suppose -t - 3*l + 0*l = 7, -2*t - l = 29. Let w = t - -23. What are the prime factors of w?
7
Let x(j) be the third derivative of -j**5/60 - j**4/12 - j**3/3 + j**2. Let k be x(-4). List the prime factors 